te the greatest common factor of 31 and d.
31
Suppose 1470*f - 42 = 1468*f. What is the greatest common divisor of f and 21?
21
Let h be (-5)/(-4) + (-2)/8. Suppose q = 3*c + 2, -q - 4*c + 9 = -0. What is the highest common factor of q and h?
1
Let j be 0/(0 + 2) + 20/5. Suppose -3*y - h + 24 = 0, 3*y + 2*y + h - 40 = 0. What is the highest common factor of j and y?
4
Suppose 0 = -4*d - 12 - 4. Let o = d - -22. Let u(f) = 10*f + 10. Let v be u(8). Calculate the greatest common factor of v and o.
18
Suppose 4*j - 2*j = 2*z - 120, 5*z - 292 = -3*j. Let h = z + 62. Let r(b) = 21*b + 284. Let x be r(-13). What is the highest common divisor of h and x?
11
Suppose 6*m + 60 = 2*m - 4*t, m - 4*t = 5. Suppose 0 = 2*j + 5*y + 71, -2*y + 80 = -2*j - 4*y. Let c = m - j. Calculate the highest common factor of c and 8.
8
Suppose -9 + 2 = -p. Suppose -p*z = -2*z - 105. Let j be 8 + 5/(-1) + 4. What is the greatest common factor of z and j?
7
Let r be 107 + 2 - (-3)/3. Calculate the highest common divisor of 10 and r.
10
Suppose 0 = 2*s - 5*f - 50, -s - 62*f + 58*f + 51 = 0. Let q = 6 + -1. Calculate the highest common factor of s and q.
5
Suppose 1500 - 363 = -3*c. Let u = c - -550. Calculate the greatest common divisor of u and 19.
19
Suppose 0 = -4*p + p + 102. Calculate the highest common divisor of 204 and p.
34
Let r(o) = o**2 - 20*o - 105. Let c be r(25). What is the greatest common factor of 44 and c?
4
Let t(w) = 4*w**2 + 7*w - 3. Let i be t(2). What is the highest common factor of 108 and i?
27
Let q(h) = 8*h - 25. Let s be q(3). Let n = 3 - 5. Let l be 1 + (n*19)/s. Calculate the greatest common divisor of 26 and l.
13
Let y = -838 - -844. What is the highest common divisor of y and 186?
6
Let s = -769 + 2442. Calculate the highest common factor of 7 and s.
7
Let t be 65 - -6*(-5)/30. What is the highest common divisor of 320 and t?
64
Let h(s) = -4*s + 6. Let t be h(6). Suppose -16 = -12*i + 296. Let l = t + i. What is the greatest common factor of 56 and l?
8
Suppose 195*i - 616*i + 27786 = 0. Let d(y) = -y**3 + 5*y**2 + y + 1. Let x be d(5). Calculate the greatest common divisor of i and x.
6
Let d = 76 + -54. Suppose -118 = 5*a - 33. Let w be (2 + 4 + a)/((-1)/4). What is the highest common divisor of w and d?
22
Let l be -12 + -1 - 4/(-4). Let y = l + 16. Suppose -10 = -y*v + 26. What is the greatest common factor of v and 81?
9
Suppose 0 = -34*z + 20 + 1510. Calculate the highest common factor of 9 and z.
9
Let q = -197 + 202. What is the highest common divisor of q and 95?
5
Let k be 3*(2/8 - (-4239)/36). Let t = k + -82. What is the greatest common factor of 17 and t?
17
Suppose 2*f = 50 + 214. Suppose -2*a + 2*j - 28 - 24 = 0, 4*a + 2*j + 92 = 0. Let q be (-5)/1*a/10. What is the highest common divisor of q and f?
12
Let n(c) = -56*c**3 - c - 1. Let s be n(-1). Suppose 3*b - 12 = 0, 0 = -5*a + b - 38 + 104. What is the greatest common divisor of s and a?
14
Suppose 0 = 3*m + 182 + 106. Let d = m + 136. Let p be 24/d + 322/5. What is the greatest common factor of p and 26?
13
Suppose -9*f - 2*x + 168 = -6*f, 2*f - 3*x = 112. Calculate the greatest common divisor of f and 126.
14
Let z = 546 - 298. Calculate the highest common divisor of z and 16.
8
Suppose -2*q + 3*z + 69 = 0, 20 + 149 = 5*q - 4*z. What is the highest common factor of q and 220?
11
Suppose 3*b - b = -2*s + 34, -3*s - 4*b + 52 = 0. Suppose -36 = -s*v + 14*v. Let u be 272/6 - (-2)/(-6). Calculate the highest common factor of u and v.
9
Let j = 31 - 18. Suppose 0 = -9*q + j*q - 48. What is the greatest common divisor of 48 and q?
12
Let v be ((-20)/(-15))/(68/2091). What is the greatest common factor of 328 and v?
41
Let k = 155 - 98. Suppose -4*c = v + 40 - 103, -v = -4*c + k. What is the highest common divisor of c and 75?
15
Suppose -3 = 4*y - f, -2*f + 3 - 6 = y. Let x = -2 + 2. Let t be y/(-4)*x + 4. What is the highest common factor of 2 and t?
2
Let v be 4*11/(242/1485). Calculate the highest common factor of v and 40.
10
Let v(g) = g**2 - 7*g - 10. Let f be ((-16)/(-9) - 2) + 86/(-18). Let m be v(f). What is the highest common divisor of 125 and m?
25
Let h be -2 - (7 + -26) - 8. What is the highest common divisor of 144 and h?
9
Suppose 0 = 5*g + o - 125, -16*g + 12*g + 5*o = -129. What is the highest common factor of g and 169?
13
Let z(n) = n**3 + n**2 - n - 1. Let q be z(-1). Let l = q + 4. Suppose -5*g - 126 = -206. What is the greatest common factor of l and g?
4
Let z be (-1)/(-2) - 1/(10/(-475)). What is the highest common factor of 24 and z?
24
Let o = -686 - -884. Calculate the greatest common factor of 44 and o.
22
Let j = 66 - 36. Suppose 10*i - 270 - j = 0. Calculate the greatest common divisor of i and 15.
15
Suppose -126*t + 122*t = -744. What is the greatest common factor of t and 124?
62
Let j(k) = -k**2 - 10*k - 3*k**2 + 5*k**2 + 11 + 2*k**2. Let a be j(7). What is the greatest common factor of 11 and a?
11
Let r(l) = 4*l**2 - 58*l - 8. Let p be r(15). Calculate the greatest common divisor of 594 and p.
22
Let z(f) = f**3 - 26*f**2 - 26*f - 2. Let g be z(27). Calculate the greatest common divisor of g and 625.
25
Let p be 13 + (1/9 - 1188/(-243)). Suppose 0 = 3*f - 3, u + 163 = 5*f - 3*f. Let o be (1 - u) + 0/(-2). What is the highest common factor of p and o?
18
Suppose 50*t = 20401 + 2849. What is the highest common factor of t and 45?
15
Let l(d) = d**2 + d - 5. Let f = 68 + -71. Let u be l(f). Let r(k) = -k + 5. Let s be r(0). Calculate the highest common factor of s and u.
1
Let o(k) = k**3 + 14*k**2 + 33*k - 43. Let w be o(-10). What is the greatest common divisor of w and 3?
3
Suppose -56670 = -143*i + 19549. What is the greatest common factor of 205 and i?
41
Suppose 3*x - x = -6. Let h be (2/x)/1*-3. Suppose 0 = -h*u + u + 10. Calculate the greatest common factor of u and 30.
10
Let a = -32 - 24. Let c be 6/(-10)*-4*(4 - a). What is the greatest common divisor of 18 and c?
18
Let o = 2 + -6. Let s be o/(-1) + 2 + 1. Suppose 2*f - 25 = 3*k, -5*k + 4*k - 55 = -4*f. Calculate the highest common divisor of s and f.
7
Suppose 0 = 4*k + 4*i - 856, -5 - 15 = -4*i. What is the greatest common divisor of 11 and k?
11
Let t(p) = p**3 - 4*p**2 - p - 9. Let a be t(5). Suppose -9*n = -a*n + 18. What is the greatest common divisor of n and 27?
9
Let r = -2142 - -2648. Suppose -3*l = -0*l - 138. What is the highest common factor of l and r?
46
Let b = -93 - -100. Let k = 9 - 5. Suppose -x + 315 = k*x. Calculate the highest common factor of b and x.
7
Let m be (90/(-25))/((-3)/(-15)). Let t be 4/m + 40/18. Suppose -t*n + 17 = -7. What is the highest common factor of n and 48?
12
Let x be (-2)/(-3)*-9 - -281. Calculate the greatest common factor of x and 22.
11
Suppose 127 = 10*c - 113. Suppose -5*i - 24 = -6*i. What is the greatest common factor of c and i?
24
Let m = 365 - 235. Calculate the greatest common divisor of 78 and m.
26
Let w be (-3)/(9/(-28))*(-6)/4. Let b(o) = o**2. Let f be b(2). Let h be w/(-4 + 3) - f. Calculate the greatest common divisor of 30 and h.
10
Let c be (9/(-27))/(24/27 + -1). Suppose 69 = -3*h - c*y + 750, -y + 2 = 0. What is the greatest common divisor of h and 45?
45
Suppose 0 = -3*t + 9*x - 5*x + 635, 3*t - 3*x - 639 = 0. Calculate the highest common divisor of t and 93.
31
Suppose 0 = -4*b + j + 83, 5*b - j - 20 = 85. What is the greatest common factor of b and 10?
2
Let k(u) = -5*u**2 + u - 10. Suppose -3 = -s + 3. Let t(x) = x**2. Let h(j) = s*t(j) + k(j). Let m be h(-10). Calculate the greatest common divisor of 10 and m.
10
Suppose 1373 + 1735 = 6*x. What is the greatest common divisor of x and 148?
74
Let p = 186 + -123. Let u = p + -36. What is the highest common divisor of 9 and u?
9
Let l be 3518/6 + (-168)/(-63). Calculate the greatest common divisor of l and 19.
19
Let c be ((-8)/(-8))/((-7)/(-4592)*8). What is the greatest common factor of 41 and c?
41
Let r(g) = -g**2 + 14*g - 5. Let v be r(9). Let b(d) = -32*d + 104. Let z be b(3). Calculate the greatest common divisor of z and v.
8
Let n = -415 - -442. Calculate the greatest common factor of n and 63.
9
Suppose -2*h - 3*p = -99 - 237, 0 = -5*h - 4*p + 847. Calculate the highest common divisor of 38 and h.
19
Suppose 0 = 4*b - 0*b - 288. Let w(u) be the firs